 - 6*c + 7. Suppose 135*t - 137*t - 14 = 2*d, -5*t - d = 31. Determine v(t).
7
Let j be (-20)/(-8)*(-24)/(-20). Let q = -7 - -3. Let c be (-21)/4*q/j. Let n(z) = -z**2 + 8*z - 5. Determine n(c).
2
Let g be (-1)/(((-1)/6)/(-1)). Let u(f) = -1. Let j(d) = -7*d + 5. Let c(p) = g*u(p) - j(p). Give c(-1).
-6
Let g(a) be the third derivative of -a**4/24 + a**3 - 8*a**2. Let b be g(4). Let u(d) = d**3 + 0 - 7 + 3 - d + 0*d - 2*d**b. What is u(3)?
2
Let k(i) = -2870*i + 2869*i - 1 - 4. Give k(1).
-6
Let x(j) = 5*j**2 - 3*j - 2. Let a(v) = v**2 - v - 1. Let s(b) = 4*a(b) - x(b). Let q be s(-1). Let u(z) = -3*z + 3 - 1 + z**2 - 2*z**2. What is u(q)?
4
Let f(i) = 3*i**2 + 5*i - 4. Let h = 1017 - 1022. What is f(h)?
46
Let v(q) = -134*q**3 + 3*q**2 - 2. Let s be v(-1). Let l(w) = 0 - s*w - 3 + w**2 + 140*w. What is l(-4)?
-7
Let c(b) = 2*b**3 + 14*b**2 + 8*b + 4. Let f(x) = -3*x**3 - 21*x**2 - 12*x - 5. Let v(h) = -7*c(h) - 5*f(h). What is v(-5)?
27
Suppose -3*c - 125 = 2*c + 5*t, t = -4*c - 91. Let m be -1 - ((-3)/(-12) + c/(-8)). Let o(p) = p**3 + 5*p**2 + 5*p - 2. What is o(m)?
-6
Let j(b) = 7*b**3 + 4*b**2 - 2*b + 3. Let s(z) = -z**3 - 1. Let r(c) = -j(c) - 5*s(c). Let u be 6/(72/15)*-4. Let g = -8 - u. Determine r(g).
14
Let k(w) = 3. Let p(z) = -z - 14. Let h(v) = -11*k(v) - 2*p(v). Determine h(-5).
-15
Let d(f) = -f**3 + 10*f**2 - 11*f. Let m(x) = -x**3 + 11*x**2 - 12*x - 1. Let y(r) = 4*d(r) - 3*m(r). Determine y(5).
13
Let h be 6*3/((-9)/(-2)). Let y(q) = -q**3 - 5*q**2 - 2*q + 4. Let w(i) = 2*i**3 + 6*i**2 + i - 3. Let c(m) = -2*w(m) - 3*y(m). Determine c(h).
-6
Let t = 19/10 - 2/5. Let z(p) be the second derivative of 0*p**3 + 1/2*p**4 + t*p**2 + 3*p + 0 - 1/20*p**5. Calculate z(6).
3
Let f(j) be the third derivative of -j**5/60 - j**4/8 - j**3/6 + 11*j**2 + 2*j. Calculate f(-2).
1
Let c be (-36)/3*1 - 4. Let n = c - -11. Let u(p) = -5*p - 3*p**2 - p**2 + 3*p**2. Give u(n).
0
Let c(k) be the first derivative of k**5/120 + k**4/24 - k**3 + 10. Let l(i) be the third derivative of c(i). What is l(-2)?
-1
Let i(x) = 0*x + 7680 + 9*x - x - 7674. Calculate i(-5).
-34
Let o(y) = y - 3. Suppose 0 = 5*q + w - 17, 2*w = 2*q - 12 - 2. What is o(q)?
1
Let a(u) = -6*u + 36. Suppose 15*g - 102 = -2*g. What is a(g)?
0
Let f(s) be the third derivative of 0 - 1/120*s**6 - s**2 + 5/24*s**4 + 0*s + 2/3*s**3 + 1/15*s**5. Suppose -11*j + 5 = -10*j. Determine f(j).
4
Let u(f) = -8*f**2 + f**2 + 15*f**2 + 2*f**3 - f**3 + 2*f - 5*f**2 + 7. Let t = 2 + -5. Let a(i) = i**3 + 2*i**2 + i + 6. Let g(b) = t*a(b) + 2*u(b). Give g(0).
-4
Let p(f) = -f**2 - 9*f - 9. Let k be (1 - 8/6)/(2/12). Let x = -9 - k. Calculate p(x).
5
Let h(n) = -n**3 - 5*n**2 + n - 2. Let x be (-117)/18 - (-3)/2. Determine h(x).
-7
Suppose 5*y - 4*y = 4. Suppose -y*t = 3 + 1. Let n(m) = m**2 - 1. What is n(t)?
0
Let u(b) = -b**3 + 4*b**2 + 5*b + 7. Suppose 46*d - 49*d = 0. Suppose 0*a - a = -4*y + 7, -y + 3 = d. Suppose -a*z + 24 = -1. What is u(z)?
7
Let i = -102 - -107. Let s(f) = -f + 1. Let z(r) = 3*r - 4. Let q(c) = -4*s(c) - z(c). Give q(i).
5
Suppose 22 + 78 = -5*l. Let d be (-17)/5 - (-12)/l. Let j(f) = f**2 + 5*f - 3. Let a(p) = -1. Let v(n) = -5*a(n) + j(n). Give v(d).
-2
Let g(s) = -5*s - 6. Let c(b) = b**2 - 2*b + 1. Let t be c(2). Let d(k) = k + 1. Let l(o) = t*g(o) + 6*d(o). Let r(u) = u - 5. Let a be r(0). Give l(a).
-5
Let z = -48 + 0. Let d be z/2*(-49)/14. Let b be (-24)/d + 88/14. Let a(u) = u**3 - 5*u**2 - 5*u + 5. What is a(b)?
11
Let u(c) = 3*c - 1. Let d(l) = l - 111 + l + 110. Let s(w) = 5*d(w) - 3*u(w). What is s(8)?
6
Let j(m) = 281*m + 1686. Let x be j(-6). Let f(g) be the third derivative of 0*g - 1/6*g**3 + x + 2*g**2 - 1/24*g**4 - 1/12*g**5. What is f(-1)?
-5
Let x(k) be the second derivative of 5*k**3/3 - 2*k**2 + 2*k + 17. What is x(6)?
56
Let l(b) = 4*b + b - 8 - 6*b + b**3 + 9*b**2. Let t be 1197/15 - ((-4)/20 - 0). Let y be 267/(-30) + (-8)/t. What is l(y)?
1
Let u(x) = -2*x - 1. Let w(n) = 7*n + 72. Let r be w(-10). Give u(r).
-5
Let f(c) = c**2 + 5*c - 8. Let v(o) = -o**2 - 5*o + 9. Let y(s) = 5*f(s) + 4*v(s). Let j(q) = q**2 - q - 6. Let x be j(0). Give y(x).
2
Let n(c) = -c - 11. Let x be (-120)/45 - -3 - (-31)/(-3). Give n(x).
-1
Let h = 85 - 79. Let c(k) = k - 2. Give c(h).
4
Let c(z) = z**2 + 13*z + 1. Let f be 22/((-6)/3) + -1. Determine c(f).
-11
Let i(x) be the first derivative of -5*x**4/4 - 2*x**3/3 - x**2 - x - 2. Let a = -1102 - -1101. Give i(a).
4
Let w(t) = 0*t**2 + t**2 + 15 - 2*t**2 - 22 + 10. Calculate w(4).
-13
Let v(j) = -2*j + 3. Suppose -6*u - 3*q = -8*u + 13, -5*q = 2*u + 27. What is v(u)?
5
Let m(p) = -p**3 - 2*p**2 + 7*p - 5. Let x(z) = -z**3 - 4*z**2 + 12*z - 9. Let s(u) = -5*m(u) + 3*x(u). What is s(2)?
8
Let w be (2 - (-14)/(-5))*-95. Suppose w*r = 77*r - 4. Let k(g) = -g**2 + 4*g. Give k(r).
0
Let f(k) be the third derivative of -k**4/12 + 3*k**3/2 + 36*k**2 - 4*k. What is f(11)?
-13
Let y(u) = 2*u**2 - 4*u - 12. Let k(j) = 2. Let n(l) = -5*k(l) - y(l). What is n(-2)?
-14
Suppose 0*m + 10 = 2*m. Let n(r) be the second derivative of -r**5/20 + 5*r**4/12 + r**3/6 + r**2 - 128*r. Give n(m).
7
Let j = -163 - -167. Let i(v) be the second derivative of -3*v**2 - 7/6*v**3 + 0 - 1/12*v**j - 5*v. Determine i(-5).
4
Let m(h) = h + 4. Let u be 1*(7 + -4)/1. Suppose -u*a = -a. What is m(a)?
4
Suppose -5*i - 69 = 4*w, -4*i + 5*i = 3*w - 29. Let s = i - -19. Suppose 0 = -g + 3*o, 2*g = s*o - 4*o - 8. Let n(l) = l + 2. What is n(g)?
-1
Suppose 0 = 5*o - 15 - 0. Let y = o + 1. Let w(k) = -k + 5. Calculate w(y).
1
Suppose 5*z = -7 - 38. Let v be z/12 - 51/12. Let g(t) = -t**3 - 4*t**2 + 6*t - 7. Calculate g(v).
-12
Let b(g) = 2*g - 3. Let t be b(6). Suppose 4*l + l = v + 20, -l - v - 2 = 0. Suppose 0*u - l*u = -t. Let i(h) = -h**2 - h + 2. Determine i(u).
-10
Let w(o) = -7*o**2 - 391 + 391 + 5*o**2. Calculate w(2).
-8
Let b be 60/(-135) + (-258)/27. Let z(x) = x + 14. What is z(b)?
4
Suppose -b + 4*m + 79 = 0, 4*b - 5*m - 294 = -0*m. Suppose -23 = -12*a - b. Let r(t) be the second derivative of -t**3/6 + t**2/2 + 2*t. Calculate r(a).
5
Let b(l) = -17*l**3 + 3*l**2 + 5 + 16*l**3 - 3 - l - l**2. What is b(2)?
0
Let l(f) = -5*f**2 + 31*f - 5. Let p(i) = -i**2 + 6*i - 1. Let a(q) = -2*l(q) + 11*p(q). What is a(3)?
2
Let y = -50 + 52. Let r(q) = 0*q**y + q**2 + 3*q**2 + 1 - 3*q**2. Give r(0).
1
Let h(p) be the third derivative of -p**2 - 1/24*p**4 + 0 - 1/2*p**3 + 0*p. What is h(5)?
-8
Let n(u) = u**2 - 23*u + 9. Let a(d) = -d**2 + 25*d - 8. Let o(g) = -5*a(g) - 6*n(g). What is o(10)?
16
Let r(m) = -3*m - 7. Let z be ((-120)/(-42))/(6/(-21)). What is r(z)?
23
Let r(k) = -k**3 - k**2. Let s(m) = -2*m**3 - 5*m**2 + m + 2. Let c = 9 + -6. Let z(p) = c*r(p) - s(p). Let u be z(2). Let v(n) = -n + 1. Give v(u).
5
Let d(h) = -h**2 + 15*h - 15. Let p(v) = -36*v - 526. Let q be p(-15). What is d(q)?
-1
Let g = 184 + -86. Let j(f) = -2 - 196*f + g*f + 101*f. Give j(-2).
-8
Let x(j) = 7 - 4 + j + 0. Let g(s) = s + 1. Let u(p) = p**2 - 13*p - 1. Let q(m) = 2*g(m) - u(m). Let c be q(15). Calculate x(c).
6
Let n(q) be the second derivative of q**4/12 + q**3 - q**2 - 9*q - 2. Let w(m) = -m**2 - 6*m + 2. Let z(d) = 3*n(d) + 2*w(d). Give z(-3).
-11
Let l(k) = k**2 - 15*k + 21. Let d be ((-14)/10)/(10/(-100)). Determine l(d).
7
Let w be ((-5)/(-4))/(14/56). Suppose -3*p - 4*f = -w, -4*f + f = -15. Let h(m) = 5*m + m**3 + 4*m**2 - 5 + m**2 + m**2. Calculate h(p).
-5
Suppose -2*z + 3*s + 2 = 0, 5*z + 0*s + 3*s + 16 = 0. Let k(x) = x - 1. Let t(y) = 11*y - 8. Let j(c) = 6*k(c) - t(c). Calculate j(z).
12
Let m(y) = y**2 + 6*y. Suppose -f = -4*f - 9, q = 2*f + 11. Let z = 10 - 14. Let o(n) = n**2 + 7*n. Let i(j) = q*m(j) + z*o(j). Determine i(2).
8
Let u(s) = 5*s + 12. Let a(g) = g**2 + 11*g - 6. Let o be a(-11). Let f(w) = -6*w - 13. Let b(n) = o*f(n) - 7*u(n). What is b(3)?
-3
Let p(z) = 7*z**2 - 17*z - 9. Let l(o) = 3*o**2 - 8*o - 4. Let n(r) = -5*l(r) + 2*p(r). Suppose 0*u + 4*u - 5*j = 33, 5*u + j = 34. Calculate n(u).
-5
Let t(a) = -a**2 - 7. Let o(r) = 3*r**2 - 6*r - 9. Let s(w) = w**2 - 1. Let y(i) = -o(i) + 2*s(i). Let z be y(7). Determine t(z).
-7
Let l = -26 + 19. Let f(u) = u + 11. Let s(n) = -1. Let r(p) = -f(p) - 3*s(p). Calculate r(l).
-1
Let q(v) = 3*v**3 - 3*v